{"id":37,"date":"2021-08-18T14:09:53","date_gmt":"2021-08-18T14:09:53","guid":{"rendered":"http:\/\/laboratorioloberia.com.ar\/wordpress\/?page_id=37"},"modified":"2021-08-27T05:01:47","modified_gmt":"2021-08-27T05:01:47","slug":"analisis-de-suelos","status":"publish","type":"page","link":"http:\/\/laboratorioloberia.com.ar\/?page_id=37","title":{"rendered":"An\u00e1lisis de Suelos"},"content":{"rendered":"<ul>\n<li>Materia Org\u00e1nica (Walkley y Black)<\/li>\n<li>F\u00f3sforo asimilable (Bray y Kurtz 1)<\/li>\n<li>pH (potenciom\u00e9trico, relaci\u00f3n suelo-agua 1 \/2,5)<\/li>\n<li>Conductividad el\u00e9ctrica<\/li>\n<li>Nitr\u00f3geno Total (Kjeldahl)<\/li>\n<li>Nitratos (Fenoldisulf\u00f3nico)<\/li>\n<li>Nitr\u00f3geno Anaer\u00f3bico (Nan)<\/li>\n<li>Azufre<\/li>\n<li>Micronutrientes<\/li>\n<li>Capacidad de Intercambio Cati\u00f3nico, cationes, PSI<\/li>\n<li>Humedad de Suelos y Material Vegetal<\/li>\n<li>Textura<\/li>\n<li>Estabilidad estructural<\/li>\n<li>Diagn\u00f3stico de Fertilizaci\u00f3n<\/li>\n<li>Pr\u00e9stamo de muestreadores, bolsas para muestreo y asesoramiento<\/li>\n<\/ul>\n","protected":false},"excerpt":{"rendered":"<p>Materia Org\u00e1nica (Walkley y Black) F\u00f3sforo asimilable (Bray y Kurtz 1) pH (potenciom\u00e9trico, relaci\u00f3n suelo-agua 1 \/2,5) Conductividad el\u00e9ctrica Nitr\u00f3geno Total (Kjeldahl) Nitratos (Fenoldisulf\u00f3nico) Nitr\u00f3geno Anaer\u00f3bico (Nan) Azufre Micronutrientes Capacidad de Intercambio Cati\u00f3nico, cationes, PSI Humedad de Suelos y Material Vegetal Textura Estabilidad estructural Diagn\u00f3stico de Fertilizaci\u00f3n Pr\u00e9stamo de muestreadores, bolsas para muestreo y asesoramiento<\/p>\n","protected":false},"author":1,"featured_media":34,"parent":0,"menu_order":0,"comment_status":"closed","ping_status":"closed","template":"","meta":{"footnotes":""},"class_list":["post-37","page","type-page","status-publish","has-post-thumbnail","hentry"],"_links":{"self":[{"href":"http:\/\/laboratorioloberia.com.ar\/index.php?rest_route=\/wp\/v2\/pages\/37","targetHints":{"allow":["GET"]}}],"collection":[{"href":"http:\/\/laboratorioloberia.com.ar\/index.php?rest_route=\/wp\/v2\/pages"}],"about":[{"href":"http:\/\/laboratorioloberia.com.ar\/index.php?rest_route=\/wp\/v2\/types\/page"}],"author":[{"embeddable":true,"href":"http:\/\/laboratorioloberia.com.ar\/index.php?rest_route=\/wp\/v2\/users\/1"}],"replies":[{"embeddable":true,"href":"http:\/\/laboratorioloberia.com.ar\/index.php?rest_route=%2Fwp%2Fv2%2Fcomments&post=37"}],"version-history":[{"count":4,"href":"http:\/\/laboratorioloberia.com.ar\/index.php?rest_route=\/wp\/v2\/pages\/37\/revisions"}],"predecessor-version":[{"id":120,"href":"http:\/\/laboratorioloberia.com.ar\/index.php?rest_route=\/wp\/v2\/pages\/37\/revisions\/120"}],"wp:featuredmedia":[{"embeddable":true,"href":"http:\/\/laboratorioloberia.com.ar\/index.php?rest_route=\/wp\/v2\/media\/34"}],"wp:attachment":[{"href":"http:\/\/laboratorioloberia.com.ar\/index.php?rest_route=%2Fwp%2Fv2%2Fmedia&parent=37"}],"curies":[{"name":"wp","href":"https:\/\/api.w.org\/{rel}","templated":true}]}}