{"id":35,"date":"2021-08-18T14:08:44","date_gmt":"2021-08-18T14:08:44","guid":{"rendered":"http:\/\/laboratorioloberia.com.ar\/wordpress\/?page_id=35"},"modified":"2021-12-04T13:08:09","modified_gmt":"2021-12-04T13:08:09","slug":"analisis-de-semillas-y-plantas","status":"publish","type":"page","link":"http:\/\/laboratorioloberia.com.ar\/?page_id=35","title":{"rendered":"An\u00e1lisis de Semillas"},"content":{"rendered":"<ul>\n<li>Poder Germinativo<\/li>\n<li>Pureza F\u00edsico- Bot\u00e1nica<\/li>\n<li>Pureza varietal en Soja (Color de Hilo, Reacci\u00f3n de Peroxidasa y Color de Hipoc\u00f3tilo)<\/li>\n<li>Pureza varietal en Trigo y Cebada<\/li>\n<li>Determinaci\u00f3n de Especies en n\u00famero<\/li>\n<li>Viabilidad por Tetrazolio<\/li>\n<li>Humedad<\/li>\n<li>Perennidad en Rye grass<\/li>\n<li>Peso Absoluto (Peso de Mil Semillas)<\/li>\n<li>Test de Vigor:<\/li>\n<\/ul>\n<p>-Cold Test en ma\u00edz, girasol y soja<\/p>\n<p>-Envejecimiento Acelerado en Soja<\/p>\n<p>-Prueba Topogr\u00e1fica de Tetrazolio en Soja con identificaci\u00f3n de da\u00f1os: Mec\u00e1nico, Ambiente, Chinche<\/p>\n<p>-Test de emergencia de la rad\u00edcula en Trigo<\/p>\n<ul>\n<li>Test de RR en Ma\u00edz y Soja<\/li>\n<li>Test de Lavandina en soja (Bleach Test)<\/li>\n<li>Prueba de zarandas en soja<\/li>\n<\/ul>\n","protected":false},"excerpt":{"rendered":"<p>Poder Germinativo Pureza F\u00edsico- Bot\u00e1nica Pureza varietal en Soja (Color de Hilo, Reacci\u00f3n de Peroxidasa y Color de Hipoc\u00f3tilo) Pureza varietal en Trigo y Cebada Determinaci\u00f3n de Especies en n\u00famero Viabilidad por Tetrazolio Humedad Perennidad en Rye grass Peso Absoluto (Peso de Mil Semillas) Test de Vigor: -Cold Test en ma\u00edz, girasol y soja -Envejecimiento [&hellip;]<\/p>\n","protected":false},"author":1,"featured_media":245,"parent":0,"menu_order":0,"comment_status":"closed","ping_status":"closed","template":"","meta":{"footnotes":""},"class_list":["post-35","page","type-page","status-publish","has-post-thumbnail","hentry"],"_links":{"self":[{"href":"http:\/\/laboratorioloberia.com.ar\/index.php?rest_route=\/wp\/v2\/pages\/35","targetHints":{"allow":["GET"]}}],"collection":[{"href":"http:\/\/laboratorioloberia.com.ar\/index.php?rest_route=\/wp\/v2\/pages"}],"about":[{"href":"http:\/\/laboratorioloberia.com.ar\/index.php?rest_route=\/wp\/v2\/types\/page"}],"author":[{"embeddable":true,"href":"http:\/\/laboratorioloberia.com.ar\/index.php?rest_route=\/wp\/v2\/users\/1"}],"replies":[{"embeddable":true,"href":"http:\/\/laboratorioloberia.com.ar\/index.php?rest_route=%2Fwp%2Fv2%2Fcomments&post=35"}],"version-history":[{"count":7,"href":"http:\/\/laboratorioloberia.com.ar\/index.php?rest_route=\/wp\/v2\/pages\/35\/revisions"}],"predecessor-version":[{"id":205,"href":"http:\/\/laboratorioloberia.com.ar\/index.php?rest_route=\/wp\/v2\/pages\/35\/revisions\/205"}],"wp:featuredmedia":[{"embeddable":true,"href":"http:\/\/laboratorioloberia.com.ar\/index.php?rest_route=\/wp\/v2\/media\/245"}],"wp:attachment":[{"href":"http:\/\/laboratorioloberia.com.ar\/index.php?rest_route=%2Fwp%2Fv2%2Fmedia&parent=35"}],"curies":[{"name":"wp","href":"https:\/\/api.w.org\/{rel}","templated":true}]}}