{"id":15,"date":"2021-07-26T12:04:50","date_gmt":"2021-07-26T12:04:50","guid":{"rendered":"http:\/\/laboratorioloberia.com.ar\/wordpress\/?page_id=15"},"modified":"2021-11-23T13:12:41","modified_gmt":"2021-11-23T13:12:41","slug":"nuestra-empresa","status":"publish","type":"page","link":"http:\/\/laboratorioloberia.com.ar\/?page_id=15","title":{"rendered":"Nuestra empresa"},"content":{"rendered":"<p>Nuestro Laboratorio abri\u00f3 sus puertas en Junio de 1994.<\/p>\n<p>\u00c1rea de influencia: Provincia de Buenos Aires, especialmente zona Centro y Sudeste.<\/p>\n<p>Nuestros servicios: An\u00e1lisis de Suelos, Semillas, Plantas, Aguas, Alimentos, Vegetales, Enmiendas org\u00e1nicas,\u00a0 Calidad Comercial de Cereales, Oleaginosas y Legumbres. Muestreo de Suelos y Semillas.<\/p>\n<p>Nuestra pol\u00edtica de vocaci\u00f3n en atenci\u00f3n al cliente, calidad en el servicio,\u00a0 trabajo en equipo, capacitaci\u00f3n continua y equipamiento nos destaca con una excelente trayectoria en el sector agroindustrial.<\/p>\n","protected":false},"excerpt":{"rendered":"<p>Nuestro Laboratorio abri\u00f3 sus puertas en Junio de 1994. \u00c1rea de influencia: Provincia de Buenos Aires, especialmente zona Centro y Sudeste. Nuestros servicios: An\u00e1lisis de Suelos, Semillas, Plantas, Aguas, Alimentos, Vegetales, Enmiendas org\u00e1nicas,\u00a0 Calidad Comercial de Cereales, Oleaginosas y Legumbres. Muestreo de Suelos y Semillas. Nuestra pol\u00edtica de vocaci\u00f3n en atenci\u00f3n al cliente, calidad en [&hellip;]<\/p>\n","protected":false},"author":1,"featured_media":238,"parent":0,"menu_order":0,"comment_status":"closed","ping_status":"closed","template":"","meta":{"footnotes":""},"class_list":["post-15","page","type-page","status-publish","has-post-thumbnail","hentry"],"_links":{"self":[{"href":"http:\/\/laboratorioloberia.com.ar\/index.php?rest_route=\/wp\/v2\/pages\/15","targetHints":{"allow":["GET"]}}],"collection":[{"href":"http:\/\/laboratorioloberia.com.ar\/index.php?rest_route=\/wp\/v2\/pages"}],"about":[{"href":"http:\/\/laboratorioloberia.com.ar\/index.php?rest_route=\/wp\/v2\/types\/page"}],"author":[{"embeddable":true,"href":"http:\/\/laboratorioloberia.com.ar\/index.php?rest_route=\/wp\/v2\/users\/1"}],"replies":[{"embeddable":true,"href":"http:\/\/laboratorioloberia.com.ar\/index.php?rest_route=%2Fwp%2Fv2%2Fcomments&post=15"}],"version-history":[{"count":4,"href":"http:\/\/laboratorioloberia.com.ar\/index.php?rest_route=\/wp\/v2\/pages\/15\/revisions"}],"predecessor-version":[{"id":87,"href":"http:\/\/laboratorioloberia.com.ar\/index.php?rest_route=\/wp\/v2\/pages\/15\/revisions\/87"}],"wp:featuredmedia":[{"embeddable":true,"href":"http:\/\/laboratorioloberia.com.ar\/index.php?rest_route=\/wp\/v2\/media\/238"}],"wp:attachment":[{"href":"http:\/\/laboratorioloberia.com.ar\/index.php?rest_route=%2Fwp%2Fv2%2Fmedia&parent=15"}],"curies":[{"name":"wp","href":"https:\/\/api.w.org\/{rel}","templated":true}]}}